= -2*y + n, 60 = u*y + 5*n - 53. List the prime factors of y.
2, 3
Suppose -5*n + 8*n - 2*f = 110, -2*n = 2*f - 70. What are the prime factors of n?
2, 3
Suppose 15*n = 12*n + 264. List the prime factors of n.
2, 11
Suppose -4*o + 207 = -5*r - 118, 0 = 5*r + 5. What are the prime factors of o?
2, 5
Suppose 4 = -2*p + 3*p. Let x(v) = -v + 1 + p - 3. List the prime factors of x(-3).
5
Let n be (-2)/6 + (-6)/9. Let i = 14 + n. What are the prime factors of i?
13
Suppose -2*r - 31 = -5*p, 5*r + 4*p + 92 = 2*p. Suppose -40 = -15*w + 20*w. List the prime factors of (-68)/r + w/(-36).
2
Suppose 3*n = 3*v - 27, 2*v - 3*v - 2*n = -21. What are the prime factors of v?
13
Suppose 4*d + 2*s = 0, -3*d + 2*s - 12 = -d. What are the prime factors of d/(-3)*(-1 + 7)?
2
Let d(b) be the first derivative of b**3/3 - 2*b**2 - 8*b + 4. What are the prime factors of d(6)?
2
Suppose 5*z = 3*z + 14. Suppose -4*r = 5*m - z, 3*r + 21 = m + 4*m. Suppose -m*v - k - k = -42, 3*k + 14 = v. What are the prime factors of v?
2, 7
Suppose -2*m = -4*i, -2*i + 2 = -5*m - 14. List the prime factors of 3*(3 - m/(-6)).
7
Let o be -2 + 12/3 + 29. Suppose 0 = -l + 5*k + o, -2*l - 2 = 3*k - 12. List the prime factors of l.
11
Let a = -6 - -111. List the prime factors of a.
3, 5, 7
Let m(f) = -2*f**3 + 4*f**2 - f + 4. Let n be m(3). Let u = n + 28. What are the prime factors of u?
11
List the prime factors of (-25 + -4)/(-4 + 3).
29
Let v(c) = c + 7 + c**2 - 2*c - c**3 + 0*c**2 + 27. What are the prime factors of v(0)?
2, 17
Suppose 2*z + 30 = 7*z. What are the prime factors of z?
2, 3
Suppose 15 + 12 = 3*g. What are the prime factors of g?
3
Let q = 521 + -328. What are the prime factors of q?
193
Let r be (-3)/(-6) + (-1156)/(-8). Let a = r - 103. List the prime factors of a.
2, 3, 7
Suppose -l = 5*q - 18, -2*q = -2*l - 3*l + 9. What are the prime factors of q?
3
Suppose 2*t + 0*f + 114 = 3*f, -5*t + 3*f = 294. Let n = -36 - t. List the prime factors of n.
2, 3
Let j(t) = -2*t. Let b be j(1). Let n(y) = -y**2 + 2*y + 2. Let s be n(b). Let p(k) = k**2 + 4*k - 3. What are the prime factors of p(s)?
3
Suppose 2*h - 4*h + 12 = 0. Let l(u) = 18*u - 2 - 1 - h*u. List the prime factors of l(2).
3, 7
Let y(s) = s**3 - 9*s**2 - 10*s + 6. Let g be y(10). Suppose -2*o = -4*u - g, 19 + 21 = 4*o - u. Let a = o + -4. What are the prime factors of a?
7
Let t(q) = -q + 12. Let s be t(9). Suppose -2*z + 15 = s*d, -6*d + 15 = -3*d - 2*z. List the prime factors of d.
5
Let o(d) = 6*d**2 - 3*d - 13. What are the prime factors of o(7)?
2, 5, 13
Suppose -5*k = 5*p + 8 - 58, 5*p - 14 = 4*k. Suppose p*s - 4*s = 36. List the prime factors of s.
2, 3
Let a = -33 + 37. Let r = -6 - -13. Let k = r + a. List the prime factors of k.
11
List the prime factors of ((-24)/(-5))/((-4)/(-20)).
2, 3
Suppose -4*x = x + 70. What are the prime factors of 7/x + (-31)/(-2)?
3, 5
Let x = 43 - 31. What are the prime factors of 4/x + 172/6?
29
Let g(b) = b**2 + 3*b - 4. Let x(p) = -p**3 + 6*p**2 - 1. Let l be x(3). Suppose 5 = 3*q + l. What are the prime factors of g(q)?
2, 3
Let t = 141 + -96. Suppose 0*q + 20 = 5*q, 2*q = 2*o - 2. Suppose 0*j + t = o*j. List the prime factors of j.
3
Let x = -5 - -22. What are the prime factors of x?
17
Let w be 67/(-7) - (-6)/(-14). Let v = w - -23. List the prime factors of v.
13
What are the prime factors of (-5 - -3) + 726/(0 + 3)?
2, 3, 5
Suppose 5*i + 4 = 2*r - 15, 2*r + i = 1. Suppose 82 = 4*m - 2*x, -2*m - 3*m = -r*x - 104. List the prime factors of m.
2, 11
Let x(b) be the first derivative of b**4 + b**3/3 - b**2/2 - 2*b + 3. List the prime factors of x(2).
2
Suppose 0 = 10*k - 13*k + 627. What are the prime factors of k?
11, 19
Suppose s - 2 = -a - s, -3*s = 3*a - 9. Suppose 7*q - a*q = 18. What are the prime factors of q?
2, 3
Let x(c) = -c**2 + 8*c - 3. Let a be x(4). Suppose p = a - 4. List the prime factors of p.
3
Suppose -5*t = p - 95, 2*t - 57 = -t - 2*p. What are the prime factors of t?
19
Let x = -2 + 10. Suppose -x*z + 12*z - 56 = 0. What are the prime factors of z?
2, 7
Let o(j) = 44*j**2 - 3*j - 1. List the prime factors of o(2).
13
Let x(u) = u**3 + 12*u**2 - 13*u + 3. Let s be x(-13). Let m(t) = 8*t + 3. List the prime factors of m(s).
3
List the prime factors of 155/4 + (-5)/(-20).
3, 13
Suppose 14*m = 17 + 39. List the prime factors of m.
2
Suppose -5*w = -5*l + 210, -3*w = l - 4 + 118. Suppose -23 = 4*i + 197. Let b = w - i. What are the prime factors of b?
2
Let g = -9 + 15. Let j be g/(-4)*2*-5. Let x = j + -9. List the prime factors of x.
2, 3
Let i = -29 - -41. List the prime factors of i.
2, 3
Let g be ((-306)/12)/(2/(-4)). Let m = 22 - g. Let u = 46 + m. What are the prime factors of u?
17
Suppose 18*l = 22*l - 24. Let h = -24 - -12. Let j = l - h. List the prime factors of j.
2, 3
Suppose 4*n - 15 - 13 = 0. What are the prime factors of n?
7
Suppose 2*u + 12 = 5*v, 4*v = 2*u - 0*v + 10. Let f = 5 - u. List the prime factors of f.
2, 3
Suppose -3*i = 4*j + 25, 70 = 2*i - 5*i + 5*j. What are the prime factors of (-3)/i + (-9)/(-5)?
2
Let r(v) = v**3 - 3*v**2 + 5*v - 1. Let w be r(4). Suppose -2*y = -w - 15. What are the prime factors of y?
5
What are the prime factors of 6/(-21) - (-317)/7?
3, 5
Let f = -24 + 43. Let n = 35 - f. Let p = -7 + n. List the prime factors of p.
3
Let p = -19 + 37. Let c = p - -4. What are the prime factors of c?
2, 11
Let b = -45 + 232. List the prime factors of b.
11, 17
Suppose -5*t + 9 = -21. Let c = t - 0. What are the prime factors of c - (3 + -2 + 1)?
2
Suppose -6 = x + 3*x - 5*u, -5*x - 4*u - 28 = 0. Let f be -1 - x - (-4 + 3). Suppose 5*z = f*m - 73, -7*z + 3*z = -5*m + 89. List the prime factors of m.
17
Suppose -p = -0*z + z - 5, 35 = 5*p - 5*z. What are the prime factors of 82/p - 5/(-15)?
2, 7
Suppose 565 = 2*h - 7*h. Let t = 163 + h. List the prime factors of t/3 - (-2)/(-3).
2
Let u(d) be the third derivative of d**6/60 - d**5/15 + d**4/6 - d**3/3 - 2*d**2. List the prime factors of u(2).
2, 3
Suppose 0 = -0*v - v. Suppose 3*l - f = 21, 2*l - f + v = 13. What are the prime factors of l?
2
Let z(o) = o + 7. Let v be z(-7). Suppose v = -n + 5 + 12. List the prime factors of n.
17
Suppose -5*w + 8*w = 1020. What are the prime factors of (w/(-15))/((-2)/3)?
2, 17
Let q(j) be the third derivative of j**5/15 + 6*j**2. List the prime factors of q(3).
2, 3
Suppose 4*s - k = -3*k + 260, -4*k = -4*s + 260. What are the prime factors of s?
5, 13
Suppose -2*p + 5*r + 23 = 0, 5*r - 11 = -p + 8. List the prime factors of p.
2, 7
Let k be (10 - 6) + -1*1. Suppose 0*w = -5*g - k*w + 13, -2*w - 8 = 0. List the prime factors of g.
5
Let k(m) = m**2 + m - 7. What are the prime factors of k(-5)?
13
Let f = 9 - 6. Let o(r) = -f*r - 4 - 2*r + r + r. What are the prime factors of o(-3)?
5
List the prime factors of 1262/34 + (-24)/204.
37
Suppose -x + 0 = y - 7, -5 = -x. Suppose -3*t = 3*i - 9, y*i + 2*t + 24 = 6*t. Let o(q) = -11*q - 3. List the prime factors of o(i).
19
Suppose o + 4*r = -0 - 4, 2*o + 3*r + 3 = 0. Suppose -8 = -2*l - o. List the prime factors of l.
2
Suppose 0*q = -4*q + 72. Let g = -8 + q. List the prime factors of g.
2, 5
Let q(f) = -4*f**3 + 3*f**3 - f**2 + 4 - 4*f**2 - 3*f. Let n be q(-4). Let k(o) = -o + 5. List the prime factors of k(n).
5
Let d = -10 + 10. Suppose k + d*k = 4. What are the prime factors of k?
2
Let p = 0 - -27. Let h = -6 + 8. Suppose -h*b = -p + 5. List the prime factors of b.
11
Let x be 1/((-1)/(-7)) + -3. Suppose x*t = 2*n + t + 1, 3*t = -4*n + 25. What are the prime factors of n?
2
Suppose -18 = 5*x + 12. Let h(u) = -u**2 - 8*u - 6. What are the prime factors of h(x)?
2, 3
Suppose -4 = -4*q - s, 4*q - 12 = 5*s - 4*s. Let g(u) = 11*u - 2. List the prime factors of g(q).
2, 5
Let w(r) = 14*r - 2. Let f be ((-40)/(-12))/(-5)*-3. List the prime factors of w(f).
2, 13
Suppose 0 = -8*q - 2*q + 930. What are the prime factors of q?
3, 31
Suppose -3*z + 2 = -2*q, -5*z - 2*q - 2 = -3*z. Suppose 3*r = 3*w + 7*r - 51, z = -4*w - r + 68. What are the prime factors of w?
17
Let y = 137 - 86. What are the prime factors of y?
3, 17
Let m be 34/6 + (-2)/(-6). Let v(j) = -j**3 + 6*j**2 - j + 1. Let y be v(m). Let g = 3 - y. List the prime factors of g.
2
Let r(c) = c**3 - 4*c**2 - 6*c + 7. Let x(m) = -m**3 